est common factor of 1537 and 87?
29
Calculate the highest common factor of 1053 and 39.
39
Calculate the greatest common divisor of 692 and 13321.
173
What is the highest common divisor of 1140 and 2394?
114
What is the highest common factor of 2167 and 121?
11
Calculate the highest common factor of 2958 and 204.
102
What is the greatest common factor of 108 and 1500?
12
What is the greatest common divisor of 28 and 154?
14
Calculate the greatest common divisor of 54 and 3006.
18
What is the greatest common factor of 1848 and 2016?
168
What is the highest common divisor of 63 and 91?
7
Calculate the greatest common divisor of 88 and 3448.
8
Calculate the greatest common divisor of 1672 and 22.
22
What is the highest common divisor of 32 and 20752?
16
Calculate the highest common factor of 64143 and 9.
9
What is the highest common divisor of 208 and 39?
13
What is the greatest common factor of 107 and 4?
1
Calculate the highest common factor of 360 and 140.
20
Calculate the greatest common divisor of 275 and 220.
55
What is the highest common divisor of 72 and 126?
18
What is the greatest common divisor of 4340 and 1960?
140
Calculate the highest common divisor of 2457 and 10881.
351
Calculate the greatest common factor of 319 and 22.
11
Calculate the greatest common divisor of 49 and 7.
7
What is the greatest common factor of 7074 and 234?
18
What is the greatest common divisor of 14 and 178?
2
Calculate the greatest common factor of 36 and 4122.
18
Calculate the highest common factor of 27 and 11304.
9
Calculate the highest common divisor of 10 and 130.
10
What is the greatest common divisor of 6574 and 38?
38
What is the highest common divisor of 2565 and 1805?
95
Calculate the highest common factor of 21 and 51.
3
What is the greatest common divisor of 46069 and 23?
23
What is the greatest common factor of 104 and 1384?
8
What is the greatest common divisor of 2790 and 75?
15
What is the highest common divisor of 20 and 36?
4
Calculate the highest common factor of 50 and 4340.
10
Calculate the greatest common factor of 18 and 414.
18
Calculate the greatest common divisor of 90 and 1215.
45
Calculate the greatest common factor of 3743 and 788.
197
What is the highest common factor of 2421 and 81?
9
Calculate the highest common divisor of 280 and 200.
40
What is the greatest common divisor of 837 and 144?
9
What is the greatest common factor of 148 and 548?
4
Calculate the greatest common factor of 322 and 2198.
14
What is the greatest common factor of 9564 and 24?
12
Calculate the greatest common factor of 2546 and 38.
38
Calculate the highest common divisor of 9 and 153.
9
Calculate the highest common factor of 9 and 81.
9
What is the greatest common factor of 588 and 6?
6
What is the highest common factor of 56 and 8862?
14
What is the greatest common divisor of 3013 and 23?
23
What is the greatest common divisor of 368 and 1196?
92
What is the highest common factor of 220 and 14245?
55
What is the greatest common factor of 48 and 6?
6
What is the greatest common divisor of 32 and 29728?
32
What is the greatest common divisor of 48 and 136?
8
Calculate the greatest common factor of 130 and 230.
10
What is the highest common divisor of 10 and 830?
10
Calculate the highest common divisor of 44 and 407.
11
What is the highest common factor of 200 and 24?
8
Calculate the highest common factor of 434 and 308.
14
What is the greatest common divisor of 494 and 65?
13
Calculate the highest common factor of 4 and 4240.
4
Calculate the highest common divisor of 90 and 130.
10
Calculate the highest common factor of 42 and 9422.
14
What is the greatest common divisor of 201 and 19698?
201
Calculate the greatest common factor of 86 and 1978.
86
What is the highest common divisor of 420 and 3?
3
Calculate the greatest common factor of 120 and 1176.
24
What is the greatest common divisor of 37232 and 208?
208
What is the highest common divisor of 1152 and 72?
72
What is the highest common factor of 3 and 16?
1
What is the highest common factor of 35 and 91?
7
What is the highest common divisor of 322 and 6026?
46
Calculate the greatest common divisor of 4005 and 180.
45
What is the highest common factor of 15 and 3?
3
What is the highest common divisor of 13178 and 176?
22
What is the highest common divisor of 102 and 24?
6
Calculate the highest common factor of 559 and 52.
13
What is the highest common divisor of 1078 and 3542?
154
Calculate the greatest common factor of 497 and 7.
7
What is the greatest common divisor of 1791 and 99?
9
Calculate the highest common divisor of 52 and 2.
2
What is the highest common factor of 33 and 143?
11
What is the highest common factor of 63 and 32823?
63
What is the highest common divisor of 10 and 230?
10
What is the highest common factor of 34969 and 33?
11
What is the highest common factor of 2716 and 140?
28
What is the highest common divisor of 516 and 12?
12
What is the greatest common divisor of 356 and 32?
4
What is the greatest common divisor of 6059 and 73?
73
What is the highest common divisor of 6476 and 20?
4
Calculate the highest common divisor of 21 and 630.
21
What is the greatest common factor of 1862 and 98?
98
What is the highest common factor of 1575 and 18?
9
What is the highest common factor of 10353 and 63?
21
Calculate the highest common divisor of 323 and 34.
17
What is the greatest common factor of 275 and 50?
25
What is the highest common factor of 2812 and 418?
38
What is the greatest common factor of 3 and 126?
3
Calculate the greatest common factor of 23 and 23.
23
Calculate the greatest common factor of 931 and 49.
49
Calculate the highest common divisor of 80 and 250.
10
Calculate the highest common divisor of 1495 and 2093.
299
What is the highest common factor of 8 and 188?
4
Calculate the highest common divisor of 17 and 272.
17
Calculate the greatest common factor of 34067 and 326.
163
What is the greatest common factor of 101 and 27169?
101
Calculate the highest common divisor of 494 and 26.
26
What is the greatest common divisor of 6319 and 142?
71
What is the highest common factor of 222 and 296?
74
What is the greatest common factor of 3915 and 135?
135
What is the greatest common factor of 18 and 981?
9
What is the highest common divisor of 1479 and 261?
87
Calculate the greatest common factor of 200 and 650.
50
What is the greatest common factor of 8 and 152?
8
What is the greatest common factor of 232 and 8?
8
What is the highest common factor of 135 and 70?
5
What is the greatest common factor of 1328 and 32?
16
What is the greatest common factor of 465 and 45?
15
Calculate the greatest common divisor of 91 and 299.
13
What is the greatest common divisor of 12 and 306?
6
Calculate the greatest common factor of 756 and 196.
28
Calculate the greatest common factor of 1668 and 24.
12
What is the highest common factor of 17540 and 20?
20
Calculate the highest common divisor of 3159 and 13.
13
What is the greatest common factor of 1070 and 10?
10
What is the highest common divisor of 114 and 11533?
19
What is the greatest common factor of 7 and 7?
7
What is the highest common factor of 14 and 3262?
14
What is the greatest common factor of 39 and 1131?
39
Calculate the greatest common factor of 304 and 703.
19
Calculate the greatest common factor of 96 and 240.
48
What is the greatest common divisor of 40 and 32?
8
What is the greatest common divisor of 3186 and 108?
54
What is the greatest common factor of 12344 and 8?
8
What is the highest common divisor of 3 and 2?
1
What is the greatest common divisor of 76 and 1102?
38
Calculate the highest common divisor of 595 and 3995.
85
What is the highest common factor of 70 and 4690?
70
What is the greatest common factor of 2752 and 43?
43
Calculate the greatest common factor of 56 and 147.
7
What is the highest common factor of 11490 and 120?
30
What is the highest common divisor of 1296 and 576?
144
What is the greatest common divisor of 36 and 495?
9
What is the greatest common divisor of 492 and 1353?
123
What is the highest common factor of 72 and 24?
24
What is the highest common divisor of 3920 and 60?
20
What is the highest common divisor of 114 and 247?
19
Calculate the highest common factor of 90 and 18.
18
Calculate 